l is divided by o.
7
Suppose 0 = -2*j - 7*j + 108. Let n(y) = y**3 + 9*y**2 + 15*y - 4. What is the remainder when n(-4) is divided by j?
4
Let y = 9 + -4. Suppose -5*w - 15 = 5*c, -4*c + 3 = -y*w + 33. What is the remainder when 26 is divided by (-1)/c + 0 + (-474)/(-30)?
10
Suppose 2*g - 27 - 25 = 0. Let v(u) = 41*u + 321. What is the remainder when v(-6) is divided by g?
23
Let m be (1 + -3 - -4)*(-2 + 1). Calculate the remainder when 28 is divided by (-6)/2 - 12/m.
1
Suppose 16983 + 28917 = 153*s. Calculate the remainder when 305 is divided by s.
5
Suppose 70*v - 14*v = 5208. What is the remainder when v is divided by 51?
42
Let l(u) = 19*u + 195. Calculate the remainder when 2134 is divided by l(-10).
4
Suppose -41*h + 12*h = 12*h. Let f(x) = x**2 - 44*x + 15. What is the remainder when 28 is divided by f(h)?
13
Let b(o) = 2*o**2 + 2*o + 12. Suppose -r + 304 = 202. What is the remainder when r is divided by b(-4)?
30
Suppose -175*h + 45 = -166*h. Suppose 40*y = h*y + 2555. What is the remainder when 85 is divided by y?
12
Let x be (172/301)/(354/350 + -1). Suppose 0 = y - 2*a - 89, 3*y = -2*y - 5*a + 400. Let q = y - x. What is the remainder when q is divided by 12?
9
Suppose -59*a + 68*a - 234 = 0. Let k(b) = 14*b - 240. Calculate the remainder when k(a) is divided by 21.
19
Let q(z) = z**3 - 3*z**2 - 9*z + 7. Let b be (-60624)/162 + (-2)/(-9). What is the remainder when q(6) is divided by (-7786)/b - (-2)/11?
19
Let h(b) = 2*b**2 - 11*b - 75. What is the remainder when 386 is divided by h(-5)?
26
Let j be (-1)/(-6) - 5061/126. Let g be 1908/15 - (-8)/j. Suppose v - g = -0*v. Calculate the remainder when v is divided by 13.
10
Suppose 3*z + 33 = 3*i, -5*i + 0*z + z + 71 = 0. Suppose m + 3*m - 3*d - i = 0, m = -3*d. Suppose m*s - s = 74. What is the remainder when s is divided by 19?
18
Suppose 5*i + 5*u = 424 + 116, 4*i - 411 = 3*u. Calculate the remainder when 3355 is divided by i.
100
Suppose -17*x = 2591 - 3713. Calculate the remainder when 6995 is divided by x.
65
Let v(y) = -45*y**3 + y**2 - y - 20. Let d be v(-4). Suppose 8*r - d = -r. Calculate the remainder when r is divided by 14.
12
Suppose 0*v - 59 = -v. Let w = -24 - -24. Suppose 56 = 3*z - 2*y, w*z - 4*y + 108 = 5*z. Calculate the remainder when v is divided by z.
19
Let p(o) = 23 + 21*o**2 + 2*o**3 - 8*o**3 - o**2 + 9*o**3 - 4*o**3 + 21*o. Calculate the remainder when 64 is divided by p(21).
18
Suppose -4*a + 870 = -3*m - 0*a, 1160 = -4*m + 2*a. Let x = m - -354. Calculate the remainder when 252 is divided by x.
60
Let q(y) be the second derivative of -3*y**3/2 - 27*y**2 - 20*y. Suppose -9*t - 184 = -13*t. What is the remainder when t is divided by q(-8)?
10
Let l be 4 + -1 - 2 - 5. What is the remainder when (-4646)/(-115) + l/10 is divided by 7?
5
Let w = -9 + 3. Let h be (4/w)/((-10)/30). Suppose 14 = h*s - s. Calculate the remainder when 27 is divided by s.
13
Let k(i) = 15*i**2 + i + 1. Calculate the remainder when k(-2) is divided by (7 + -18 - -19) + 2.
9
Let h(j) = -j**2 + 8*j - 16. Let s be h(6). Let t be 7*4/s*-2. Suppose 0 = 74*z - 72*z - t. What is the remainder when 26 is divided by z?
5
Suppose -h + 3*h - 70 = 4*m, -2*h + 3*m = -71. Calculate the remainder when (34/3 + 12 + -16)/(10/60) is divided by h.
7
Let j(c) = -4*c - 15. Let s(a) = a**2 + 8*a - 1. Let t be s(-9). What is the remainder when j(-7) is divided by -6 - -3 - t*(-1 + 0)?
3
Suppose -281 = -5*q + 104. Suppose 0 = 5*l - 3*y - 24 - 54, -25 = -2*l - 5*y. Suppose 0 = 9*w - l - 219. What is the remainder when q is divided by w?
25
Let d = 53 - 23. Suppose 4*c + 4*j - 116 = 0, -5*j - 35 = -2*c + d. Calculate the remainder when 55 is divided by c.
25
Suppose -4 = -4*s + c + 19, 4*c - 55 = -5*s. Let a(h) = -h**3 + 6*h**2 + 8*h - 1. What is the remainder when (14/9)/((-1498)/126 - -12) is divided by a(s)?
2
Suppose -4*s + 3975 = 70*s + s. Calculate the remainder when 6199 is divided by s.
51
Let g(t) be the third derivative of -t**6/120 + 17*t**5/30 - 5*t**4/2 - 19*t**3/6 + 2*t**2 - 12*t. What is the remainder when g(32) is divided by 11?
10
Let n(b) = 3*b - 11. Let z be n(7). Suppose 72 = 12*d - z*d. Let t = d + -21. Calculate the remainder when t is divided by 8.
7
Calculate the remainder when 1410 - ((-49)/7 - 3) is divided by 75.
70
Suppose -d = -3*x + 7, -d = -3*x - 5*d + 2. Suppose -20 = 3*b + 2*u, -4 = u - 0. What is the remainder when 46 is divided by ((-10 - 3) + b)*x/(-2)?
12
Suppose 0 = 29*h - 31*h - 12. Let v(a) = 2*a**3 + 11*a**2 - 10*a - 13. What is the remainder when 163 is divided by v(h)?
9
Let k = -785 + 852. What is the remainder when 180 is divided by k?
46
Suppose -593*n = 290*n - 10596. Suppose -3*f = 3*z - 483, -z - 4*f = -6*z + 823. Suppose 0 = 3*t - 50 - z. Calculate the remainder when t is divided by n.
11
Let a(w) = w**3 + 10*w**2 + 19*w - 10. Let c be a(-6). Suppose 28 - c = -4*i, -13 = -k - 4*i. Calculate the remainder when k is divided by 8.
5
Let v = -282 + 303. Calculate the remainder when (4 - 15 - -12) + (-40)/(-1) is divided by v.
20
What is the remainder when -2 + 1327 + (12/14)/((-60)/(-210)) is divided by 440?
8
Let l(f) = 101*f - 99. Suppose -5*v + 0 = m + 2, -4*v = 5*m - 74. Calculate the remainder when l(2) is divided by m.
13
Suppose -5*m + 9036 + 3994 = -5*c, 5*c = -25. What is the remainder when m is divided by 93?
90
Let f = -29 + 29. Suppose f*n - 4*n = 44. Let j = 20 + n. Calculate the remainder when 44 is divided by j.
8
Let s = 6 + -7. Let p be -2 + 4 - (0 - (s - 1)). Let i = p + 46. What is the remainder when i is divided by 16?
14
What is the remainder when 1338 is divided by 16*(-10)/(-160) + 16?
12
Let x = 164 - 124. Suppose 2*z = -d + x, -5*d + 97 + 70 = -z. What is the remainder when 63 is divided by d?
29
What is the remainder when 125 is divided by (-2034)/(-51) + (-4)/34*-1?
5
Let y = -12967 - -13070. Calculate the remainder when 18435 is divided by y.
101
Suppose -t = u - 4, 0 = -u + 10*t - 12*t + 6. Suppose u*j - 40 = -14*p + 10*p, -4*p + 16 = -4*j. What is the remainder when 143 is divided by p?
7
Let n(m) = -m**2 - 8*m - 13. Let x be n(-3). Suppose -28 = -5*c + x*q, -3*c + 22 = 2*q + 2. Let k = -16 + 31. What is the remainder when k is divided by c?
3
Let a = 659 - 659. Suppose a = 4*t + 4, 4*i - 6*i + 1079 = -5*t. Calculate the remainder when i is divided by 54.
51
Suppose -f = -6*f + 4*f. Suppose -4*p + p + 184 = 4*v, -p + 5*v + 93 = f. Calculate the remainder when p is divided by 25.
18
Let j(q) = -9*q**3 - q**2 - 113*q - 334. Calculate the remainder when 918 is divided by j(-3).
201
Suppose -32*l + 31*l = -4*h + 59, 0 = -4*h + 4*l + 68. Calculate the remainder when 489 is divided by h.
13
Let j = -5 - -11. Suppose -5*g = -0*a + 3*a - 14, a = -3*g + j. Suppose u = -4*h + 16, -a*u = -u + h - 18. Calculate the remainder when 47 is divided by u.
7
Suppose -35*h + 181 = -1394. Let u = -59 - -63. Suppose 49 = u*p + 1. Calculate the remainder when h is divided by p.
9
Let u(v) = -7*v**3 - 2*v**2 - v + 14. Let c be u(4). Let n = 186 - 189. Calculate the remainder when (n + 0 + 4)*c/(-2) is divided by 14.
11
Let p = -54 - -93. Let y = -23 + p. Suppose 0 = -24*a + 23*a + y. What is the remainder when 110 is divided by a?
14
Suppose 0*t - 3*t = 2*b - 25, 4*t + 4*b = 40. Suppose -t*i = -k + 118, -k = 5*i - 67 - 1. Calculate the remainder when k is divided by 24.
21
Let c = -16751 + 19252. Calculate the remainder when c is divided by 34.
19
Let m(l) be the third derivative of -l**4/4 + 20*l**3 + 185*l**2. What is the remainder when m(9) is divided by 20?
6
Let p = 55 + -19. Let t = 429 - 935. Let v = t - -514. What is the remainder when p is divided by v?
4
Let l(a) = -2*a**3 - 7*a**2 + 11*a + 4. Let p = -594 - -589. Calculate the remainder when 43 is divided by l(p).
19
Let d(a) = 3*a - 24. Let w be (62 - 2)/6 - -5. What is the remainder when 103 is divided by d(w)?
19
Suppose -5*v - 5*p = -7140, v - 437*p + 435*p = 1449. Calculate the remainder when v is divided by 355.
15
Let m(y) = 24*y**2 + 6*y + 4. Let z be m(2). Suppose 21*h - 728 - z = 0. Calculate the remainder when h is divided by 7.
5
Let u(v) = 4*v**2 + 3*v - 22. Let c be u(-6). Let k = -72 + c. Suppose 5*s - k - 28 = 0. What is the remainder when 13 is divided by s?
1
Let c(y) = 2*y**3